its digit of (-140)/(-35) - (-1 + -599)?
4
Let y = -1085 + 4459. What is the units digit of y?
4
Let m(i) = -i. Let a(b) = -2. Let l(h) = -a(h) + 2*m(h). Let y be l(-3). Suppose -5*z = -4*z + s - y, 3*z = -4*s + 20. What is the tens digit of z?
1
Suppose -9 + 123 = 2*j. Suppose 425 = -j*t + 62*t. What is the units digit of t?
5
Let m(y) = 10*y + 19*y + 23 + 5*y - 11*y. What is the tens digit of m(9)?
3
Suppose -16*w + 22503 = -3*w. What is the thousands digit of w?
1
Let w(c) = 15*c**2 - 6*c - 12. What is the hundreds digit of w(-5)?
3
Suppose -69*z = -126*z + 174420. What is the hundreds digit of z?
0
Suppose -4*o + 0 = -4. Suppose o = -2*f - 7. Let i = f + 17. What is the units digit of i?
3
Suppose 2*p = -p - 9. Let c be (-4)/(-1 - (-3)/p). Suppose -4*i + 96 = 4*m, c*m - 30 = m + 5*i. What is the units digit of m?
5
Suppose 0 = 3*z - 6 - 9. Suppose 6*x = z*x - 3. What is the tens digit of 3*6*(-2 - x)?
1
Let s be (-2)/(0/(-1) - 5/10). Suppose -4*f + 81 = 3*h + 2*h, -s*f - h + 77 = 0. What is the units digit of f?
9
Let t(w) = -3 + 8*w**2 + 6*w**2 - 10*w**2 - 5. Suppose 3*a - 32 = -5*p - a, 0 = 3*p + 2*a - 18. What is the units digit of t(p)?
6
Suppose 50 = -0*z + 2*z. Suppose -4*f = z + 11. Let h(t) = -2*t - 4. What is the units digit of h(f)?
4
Let a(j) = 11*j + 5. Let l = -26 + 30. What is the units digit of a(l)?
9
Suppose 0 = -w - 2*h + 5585, -16780 = 30*w - 33*w - h. What is the hundreds digit of w?
5
Suppose 4*u - u - 2034 = 5*h, 5*u - 3421 = -2*h. What is the hundreds digit of u?
6
Let b(a) = 6*a**2 - 3*a + 18. What is the hundreds digit of b(-5)?
1
Let l(c) = -c**3 + 8*c**2 + 8*c + 13. Let k be l(9). Let n(a) = 5*a**2 + 0*a + 2 - a**3 - k - 3*a. What is the units digit of n(3)?
7
Suppose -j + 4*y + 3 = -6, -3*y - 28 = -5*j. What is the units digit of (-10)/4*(-118)/j?
9
Let w be 2/(-3) + 14/21. Suppose w*c + 12 = -2*c. What is the tens digit of (-141)/c + 6/(-4)?
2
Suppose v - 81 - 631 = -r, -5*r - 3*v + 3562 = 0. What is the tens digit of r?
1
Let z = -59 - 13. Let i = 12 + z. What is the units digit of -3 + (0 - -6) - i?
3
Suppose 0 = x - 4 + 1. Let i = 5 - x. What is the tens digit of (1/3)/(i/174)?
2
Suppose 0 = 6*l - l - 30. Suppose r - 4*v = 45, -l*r - v + 109 = -3*r. What is the tens digit of r?
3
Suppose 4*p = 3*q + 1171, -q = p + 4*p - 1478. What is the tens digit of p?
9
Suppose -p + 3 - 5 = 0, -5 = -3*k - 2*p. Suppose 0*s = -3*s - 5*q + 40, -k*s = q - 20. Suppose -s*y + 38 = -37. What is the tens digit of y?
1
Let o(q) = 2*q**3 - 20*q**2 - 6*q + 23. What is the tens digit of o(12)?
2
Let t(g) = 42*g - 134. What is the hundreds digit of t(20)?
7
Suppose 5*f + 14 = 4. Let l(n) = n**3 - 13*n**2 - 30*n + 9. Let p be l(15). What is the units digit of f/(-9) - (-7)/p?
1
Suppose 0 = -3*j + 15 + 21. Let s = j + -8. Suppose 2*c = -m + 38, 5*m = 3*c - s - 40. What is the tens digit of c?
1
Suppose 8*o = 12*o - 200. Let y = o + -3. What is the units digit of y?
7
Let y be (-16)/6 - 1/3. Let l = -41 + 17. What is the tens digit of (-976)/l - 4/y?
4
Suppose -4*b - 2*t - 2*t = -160, 3*b - 130 = 2*t. Suppose -39*n + b*n = 255. What is the units digit of n?
5
Let f(v) = -4*v - 2. Let j be f(-2). Let o be 2/j*(2 + 13). Suppose 4*k = -o*z + 75, -5*k + 2*k + 58 = 2*z. What is the tens digit of k?
2
Suppose i + 0*i = -4*s - 10, 5*i - 5*s = 0. Let v = 0 + i. What is the units digit of (1*v)/(22/(-803))?
3
Let f = 1173 + -991. What is the hundreds digit of f?
1
Suppose 4*q + 2*p - 3478 = 0, p + 2606 = 3*q - 0*q. What is the tens digit of q?
6
Let c = 416 + 793. What is the units digit of c?
9
Let g(b) = b**3 - 3*b**2 - 3*b + 4. Let d be g(3). Let w(n) = -16*n - 9. What is the tens digit of w(d)?
7
Let s(b) = -100*b - 328. What is the hundreds digit of s(-5)?
1
Let n(y) = -y**3 - 5*y**2 - 4*y + 5. Let t = -71 - -65. What is the tens digit of n(t)?
6
Let a(p) = p**3 - 13*p**2 - 13*p + 21. What is the units digit of a(14)?
5
Let t(s) = 335*s + 78. What is the thousands digit of t(7)?
2
Suppose -3*u - z = -25, 0*u + 3*u - 41 = -5*z. Let j = 126 - u. What is the tens digit of j?
1
Suppose 19*k - 114 = 3914. What is the tens digit of k?
1
Suppose 1 = 5*p - 14. Suppose 3*k + 4*i - 285 = 0, -11 = p*i - 2. What is the units digit of k?
9
Let x(l) = l**3 + 10*l**2 + 2*l + 13. What is the hundreds digit of x(-7)?
1
Let q = 1107 - 705. What is the tens digit of q?
0
Suppose 0 = -3*i + q + 4, -5*q = 4*i - 37. Let b = -40 + i. Let n = 54 + b. What is the units digit of n?
7
Suppose 21*a = 8957 + 24013. What is the tens digit of a?
7
Let o = 44 - -26. Suppose p - o = -2*d, 5*p - 165 - 10 = -5*d. What is the units digit of d?
5
Suppose 15 = -7*w + 36. Let g(u) = 23*u**2 - 3*u + 2. Let t be g(w). Suppose -2*j = 2*j - t. What is the units digit of j?
0
Suppose 2*k - 114 = 3*p + 5*k, -3*k = p + 44. Let c = p + 67. Let x = c - 8. What is the units digit of x?
4
Let v(n) be the first derivative of -n**4/4 + 4*n**3 - 15*n**2/2 + 6*n + 26. What is the tens digit of v(10)?
5
What is the units digit of ((-66)/(-4))/(4/88)?
3
What is the hundreds digit of 516/4*1 - 4?
1
What is the units digit of (-54)/(-72) - 11/4 - -207?
5
Suppose -2*d = -5*m + 115, 7*m - 2*m - d - 110 = 0. Suppose -3*x = -81 + m. What is the tens digit of x?
2
Let w be -3*1*-147 + -3. Suppose -4*r - 2*q + 586 = 0, 3*r - w = -0*r - 3*q. What is the hundreds digit of r?
1
Suppose 3615 = 3*s - 1299. What is the units digit of s?
8
Let y(n) = 11 - 9 + 99*n - 1 - 10. What is the units digit of y(3)?
8
Suppose -5*w + 27 = -i, -5*i - 135 = -w - 4*w. Let j = -48 - i. What is the tens digit of (-4)/3*j/2?
1
Suppose -y = -6*y + 1280. Suppose -4*q = -4*k + 272, 2*q + 2*q + 4*k = -y. What is the tens digit of (0 + q)*2/(-4)?
3
Suppose 7*p - 13*p + 144 = 0. Let m(l) = -p - 4*l - 3*l + l. What is the units digit of m(-7)?
8
What is the tens digit of (0 - -2 - 2324/(-7))*1?
3
Suppose -4*f + 5 = -3. Suppose 2*o - f = 4. What is the units digit of o/1*(7 + 4)?
3
Let c(g) = -4*g - 17 - 3*g + 3 - 3. What is the units digit of c(-4)?
1
Suppose s - 5 = 13. Suppose -2*p + 6*d - 5 = 3*d, -4*p - 2*d = s. Let y(t) = t**2 - 5*t. What is the units digit of y(p)?
6
Suppose -3*l = -5*y + l + 9, l = 4. Suppose y*a + 24 = u + 3*a, -5*a - 39 = -u. Let f = u + -8. What is the units digit of f?
6
Suppose 4*d - 5*z = 2504, 18*z = 5*d + 21*z - 3093. What is the hundreds digit of d?
6
Let p be (-69)/(-8) + 39/104. Let b(w) = w**3 - 8*w**2 - 9*w + 21. What is the tens digit of b(p)?
2
Suppose 5*w + 2 = 7. Let v(u) = 5*u**3 - u**2. Let q be v(w). Suppose -p + q*p = 15. What is the units digit of p?
5
Let k(i) be the second derivative of i**4/12 - i**2 + 8*i. Let j be k(2). What is the tens digit of j/(-4) - (-66)/4?
1
Suppose -11*k = -6*k - 2*r - 1195, 0 = 5*k + 2*r - 1175. What is the tens digit of k?
3
Let y be -2*((-3)/9 + 0)*3. What is the tens digit of (-300)/(-5) - -3*y/(-3)?
5
Let p(g) = 2*g - 6. Let f be p(8). Suppose -5*n = -5 + f. What is the tens digit of n - -53 - (-21)/(-7)?
4
Let t(g) be the second derivative of 1/6*g**4 - g**2 + 0 - 1/2*g**3 + 7*g. What is the units digit of t(-2)?
2
Let a = 373 - -412. What is the tens digit of a?
8
Suppose -4*b - 2*d - 4 = 0, -b + 6*d = d - 10. Let q = b - 14. Let n = q + 29. What is the units digit of n?
5
Let r = -1058 + 1712. What is the units digit of r?
4
Suppose 9*g - 819 = 6*g. Suppose -118 = -2*y - 3*s + 2*s, -5*y = -3*s - g. What is the units digit of y?
7
What is the hundreds digit of -2 + (-12)/66 + (-2675)/(-11)?
2
Let j = 473 + 1338. What is the units digit of j?
1
What is the tens digit of (-63522)/(-14) + (-164)/574?
3
Suppose 4*g + 3*c - 5837 = 0, -8*c = -5*c - 9. What is the hundreds digit of g?
4
Let s = -5719 + 10659. What is the hundreds digit of s?
9
Suppose 0 = 2*s + 44 + 2. What is the units digit of s*5*(-1 + 0/(-2))?
5
Suppose 0 = -6*m + 3*m + 9. Suppose -4 = -2*l + 6. What is the tens digit of (l/m)/((-7)/(-210))?
5
Suppose -2*o = 2*o - 60. Suppose -n = 2*n - o. What is the units digit of n?
5
Let j(k) = 8*k + 7. Let z(w) = w**3 + 6*w**2 + w - 16. Let i be z(-5). What is the units digit of j(i)?
9
Let k(d) = -d - 1. Let j be k(-5). Suppose 0 = -q + z - 0*z + 8, -j*q = 2*z - 44. What is the tens digit of q?
1
What is the thousands digit of (3 - (-7)/(-3))/((